In base 16, what is 9 + 5fe1?
5fea
In base 7, what is 12244 - 5?
12236
In base 13, what is -1 - 13c06?
-13c07
In base 13, what is -429 + cc0?
894
In base 14, what is 33a + 221?
55b
In base 6, what is -22 + 1433?
1411
In base 14, what is cbd + -d2?
bcb
In base 2, what is -100010110101 + -100?
-100010111001
In base 8, what is -62 - -21034?
20752
In base 11, what is -100 - -96?
-15
In base 3, what is -101220 + 111110?
2120
In base 11, what is 3649a - 3?
36497
In base 7, what is -3056 - -3031?
-25
In base 11, what is -1 + 6a36a?
6a369
In base 2, what is 10111101001 + -1101010?
10101111111
In base 8, what is 204 - 663?
-457
In base 9, what is -471841 - 4?
-471845
In base 8, what is 204 + -650?
-444
In base 9, what is 144067 + -67?
144000
In base 5, what is -44 - 1002?
-1101
In base 13, what is -3788 - 7?
-3792
In base 4, what is 13 - 2031223?
-2031210
In base 14, what is -24 - 33c8?
-340c
In base 8, what is -15134555 - 1?
-15134556
In base 4, what is 2021123120 + 3?
2021123123
In base 2, what is 1 - 11101011001011?
-11101011001010
In base 5, what is -2431 + 1201?
-1230
In base 3, what is 101 + -21000221210?
-21000221102
In base 14, what is 71 - 4c8?
-457
In base 4, what is -100231 - -1122?
-33103
In base 16, what is -22 - -1ce1?
1cbf
In base 5, what is 2 - 1144243?
-1144241
In base 16, what is 3 - dd56b?
-dd568
In base 9, what is -2005323 + -3?
-2005326
In base 12, what is 24 + -1560?
-1538
In base 12, what is -11a78 - 0?
-11a78
In base 8, what is -121603 + 70?
-121513
In base 13, what is 156 - -1758?
18b1
In base 9, what is 1477 - -3125?
4613
In base 2, what is 10101001010111000011 - 11?
10101001010111000000
In base 12, what is -825 + -84?
-8a9
In base 5, what is -40 - 21113124?
-21113214
In base 4, what is 3 - 20033213332?
-20033213323
In base 11, what is -23 - -3a82?
3a5a
In base 9, what is 4 + -380671?
-380666
In base 3, what is 12201111 - 20?
12201021
In base 2, what is 1110010 + 101001110101?
101011100111
In base 10, what is 1597 + -1104?
493
In base 14, what is -1 + -5444?
-5445
In base 8, what is 24003050 - -5?
24003055
In base 10, what is -56753 - 4?
-56757
In base 16, what is 4921 + -44?
48dd
In base 15, what is -796 - 2a4?
-a4a
In base 13, what is 27a6a + 9?
27a76
In base 6, what is 34424 - -10?
34434
In base 12, what is -24765 - 5?
-2476a
In base 13, what is 3 - 312868?
-312865
In base 10, what is 6 + 94023?
94029
In base 15, what is 52 - 214?
-1b2
In base 8, what is 27004206 + -5?
27004201
In base 3, what is -10010021 + -22?
-10010120
In base 14, what is 1cc05 - 0?
1cc05
In base 8, what is -1536026 + 7?
-1536017
In base 10, what is -517 - -19?
-498
In base 7, what is 25 - 100454?
-100426
In base 13, what is 1108c8 - 0?
1108c8
In base 6, what is 10333 + -13?
10320
In base 5, what is 124030 - -1?
124031
In base 11, what is -368 - 2?
-36a
In base 2, what is -1010111000 + -100010101?
-1111001101
In base 7, what is -2144 + 513?
-1331
In base 10, what is 169 + 785?
954
In base 7, what is -31333 - 15?
-31351
In base 2, what is 100001000 - -111001110?
1011010110
In base 13, what is -9 + -18a?
-196
In base 13, what is 4cb + 4b1?
9ac
In base 9, what is 55 + -3816?
-3751
In base 14, what is 103 + -8?
d9
In base 7, what is 416023 - 4?
416016
In base 11, what is 821 - -349?
106a
In base 16, what is -2326 + 3a?
-22ec
In base 9, what is -1105382 - 5?
-1105387
In base 15, what is -d224b - 0?
-d224b
In base 16, what is 3 - 60ebf?
-60ebc
In base 9, what is 37505 + -1?
37504
In base 10, what is 4881 + 2?
4883
In base 12, what is -3aa7b0 + 4?
-3aa7a8
In base 10, what is -9126 - -4?
-9122
In base 2, what is 1 + -10001001010000001?
-10001001010000000
In base 5, what is 12211 - -11110?
23321
In base 2, what is 0 + 101010110101011?
101010110101011
In base 15, what is 4 - 6d1?
-6cc
In base 10, what is -36 - 5770?
-5806
In base 13, what is 1ba5 - 99?
1b09
In base 11, what is 2 - 4a30?
-4a29
In base 12, what is -4 + -12a8a?
-12a92
In base 13, what is 5 + 13b55?
13b5a
In base 8, what is 126152 + -14?
126136
In base 11, what is -6 + -31600a?
-316015
In base 15, what is -1e274d - 0?
-1e274d
In base 13, what is -10021 - 7?
-10028
In base 10, what is -11340 + 0?
-11340
In base 5, what is 40 - -1400102?
1400142
In base 11, what is 2 - 1062?
-1060
In base 7, what is -1136215 + 5?
-1136210
In base 6, what is -4135101 + 1?
-4135100
In base 3, what is -112 + -200111?
-201000
In base 3, what is 22 + -20012002000?
-20012001201
In base 12, what is 4ba + 961?
125b
In base 2, what is -10 - -101110001?
101101111
In base 9, what is 464 - -172?
646
In base 7, what is -6 - 31000?
-31006
In base 14, what is 1913 + 48?
195b
In base 6, what is 32053 - -4?
32101
In base 9, what is 38824 + -27?
38786
In base 13, what is 1079 + -4?
1075
In base 11, what is -56801 - 32?
-56833
In base 8, what is 127426 + 102?
127530
In base 16, what is 4 - 14361?
-1435d
In base 10, what is 5 + -217228?
-217223
In base 2, what is 110011000 - 111100010?
-1001010
In base 11, what is a4 - -85?
179
In base 3, what is 22 - -11021021?
11021120
In base 5, what is -100341 + -240?
-101131
In base 4, what is -1013230133 - -12?
-1013230121
In base 4, what is -2 + -20231210?
-20231212
In base 13, what is -1 + -14a4?
-14a5
In base 15, what is -4 + 137d?
1379
In base 4, what is 232213 + -1023?
231130
In base 3, what is -1 - -21000110?
21000102
In base 7, what is 45 - -1000?
1045
In base 11, what is -7754a - -4?
-77546
In base 2, what is 1010111001100010110 + 0?
1010111001100010110
In base 11, what is 1263023 - 3?
1263020
In base 5, what is 110 + 1034?
1144
In base 15, what is -6 + ea2?
e9b
In base 7, what is -21606636 + 3?
-21606633
In base 6, what is 11 + 255445?
255500
In base 5, what is 231 + -34120?
-33334
In base 10, what is -36 + 161?
125
In base 12, what is 53 - 2886?
-2833
In base 7, what is 1 - 16210?
-16206
In base 3, what is -201 + 1112100201?
1112100000
In base 2, what is 1010100000 + 11011111?
1101111111
In base 6, what is -142 + -11134?
-11320
In base 5, what is -103230 + 111?
-103114
In base 2, what is -10110010100000100 - -10?
-10110010100000010
In base 9, what is 44 - -765?
820
In base 9, what is 52133 + 153?
52286
In base 12, what is -3b17 - 243?
-415a
In base 4, what is 22 + -2222312?
-2222230
In base 3, what is 2011212000 + 120?
2011212120
In base 16, what is -1 - 830a?
-830b
In base 10, what is 16 - -141296?
141312
In base 12, what is 5567 + 5?
5570
In base 11, what is -6 + 132820?
132815
In base 11, what is 76332 + 6?
76338
In base 11, what is -2a23 - -96?
-2938
In base 15, what is 51c + 764?
c81
In base 9, what is 151 - -765?
1026
In base 13, what is -6 + cc3?
cba
In base 14, what is -167c - 41?
-16bd
In base 8, what is -4 - -125121?
125115
In base 4, what is -1 + 13333313?
13333312
In base 8, what is 214052 + 5?
214057
In base 9, what is 2 + -55174?
-55172
In base 7, what is 14 + -36?
-22
In base 7, what is -3220363 - 1?
-3220364
In base 14, what is da + 114?
210
In base 4, what is -1021000 - -312?
-1020022
In base 15, what is 1 + -2360?
-235e
In base 16, what is a4 - 89?
1b
In base 16, what is -7923 + -3?
-7926
In base 3, what is 2120121 + 210?
2121101
In base 12, what is -10a702 - 3?
-10a705
In base 8, what is -2 + -5367?
-5371
In base 4, what is 32 + 3111302?
3112000
In base 7, what is 3 - 12652255?
-12652252
In base 13, what is -643 + -3?
-646
In base 9, what is -110378 + -6?
-110385
In base 2, what is -101001 + -1101110001?
-1110011010
In base 15, what is 2027 - -5?
202c
In base 7, what is -24 - -11421?
11364
In base 12, what is -1 + 2926?
2925
In base 12, what is -80 + -1418?
-1498
In base 4, what is 2 + 31203?
31211
In base 12, what is -29b5 + 8?
-29a9
In base 12, what is -aa9a7 - -13?
-aa994
In base 4, what is 10 - -33202311?
33202321
In base 6, what is 2553425 + 2?
2553431
In base 5, what is 11240113 - 21?
11240042
In base 3, what is 2212 - -120122011?
120202000
In base 11, what is -14 + 27a?
266
In base 9, what is 0 + -527875?
-527875
In base 14, what is -1938a - 7?
-19393
In base 10, what is 4 + -143882?
-143878
In base 14, what is -a + 1b3d?
1b33
In base 12, what is 75a6 + 2?
75a8
In base 9, what is -14237 - -27?
-14210
In base 16, what is 5949 - 2?
5947
In base 14, what is 380 - 2a3?
bb
In base 12, what is -1336 - 35b?
-1695
In base 6, what is 55532 + -125?
55403
In base 16, wh